{"id":21,"date":"2017-01-20T15:52:05","date_gmt":"2017-01-20T14:52:05","guid":{"rendered":"http:\/\/www.kuziksp.pl\/?page_id=21"},"modified":"2017-01-20T16:29:14","modified_gmt":"2017-01-20T15:29:14","slug":"projekty","status":"publish","type":"page","link":"http:\/\/www.kuziksp.pl\/index.php\/projekty\/","title":{"rendered":"Projekty"},"content":{"rendered":"<p>Wykonujemy projekty zaczynaj\u0105c od cz\u0119\u015bci maszyn, podzespo\u0142\u00f3w, uk\u0142ad\u00f3w hydraulicznych i element\u00f3w zale\u017cnych po gotowe maszyny-urz\u0105dzenia. Przeprowadzamy analiz\u0119 i modernizacje istniej\u0105cych rozwi\u0105za\u0144 konstrukcyjnych nie spe\u0142niaj\u0105cych oczekiwa\u0144 klienta.<\/p>\n<ul>\n<li>Analiza obci\u0105\u017ce\u0144<\/li>\n<li>Obliczenia wytrzyma\u0142o\u015bciowe<\/li>\n<\/ul>\n<p>&nbsp;<\/p>\n<p>&nbsp;<\/p>\n","protected":false},"excerpt":{"rendered":"<p>Wykonujemy projekty zaczynaj\u0105c od cz\u0119\u015bci maszyn, podzespo\u0142\u00f3w, uk\u0142ad\u00f3w hydraulicznych i element\u00f3w zale\u017cnych po gotowe maszyny-urz\u0105dzenia. Przeprowadzamy analiz\u0119 i modernizacje istniej\u0105cych rozwi\u0105za\u0144 konstrukcyjnych nie spe\u0142niaj\u0105cych oczekiwa\u0144 klienta. Analiza obci\u0105\u017ce\u0144 Obliczenia wytrzyma\u0142o\u015bciowe &nbsp; &nbsp;<\/p>\n","protected":false},"author":1,"featured_media":0,"parent":0,"menu_order":0,"comment_status":"closed","ping_status":"closed","template":"","meta":[],"_links":{"self":[{"href":"http:\/\/www.kuziksp.pl\/index.php\/wp-json\/wp\/v2\/pages\/21"}],"collection":[{"href":"http:\/\/www.kuziksp.pl\/index.php\/wp-json\/wp\/v2\/pages"}],"about":[{"href":"http:\/\/www.kuziksp.pl\/index.php\/wp-json\/wp\/v2\/types\/page"}],"author":[{"embeddable":true,"href":"http:\/\/www.kuziksp.pl\/index.php\/wp-json\/wp\/v2\/users\/1"}],"replies":[{"embeddable":true,"href":"http:\/\/www.kuziksp.pl\/index.php\/wp-json\/wp\/v2\/comments?post=21"}],"version-history":[{"count":3,"href":"http:\/\/www.kuziksp.pl\/index.php\/wp-json\/wp\/v2\/pages\/21\/revisions"}],"predecessor-version":[{"id":42,"href":"http:\/\/www.kuziksp.pl\/index.php\/wp-json\/wp\/v2\/pages\/21\/revisions\/42"}],"wp:attachment":[{"href":"http:\/\/www.kuziksp.pl\/index.php\/wp-json\/wp\/v2\/media?parent=21"}],"curies":[{"name":"wp","href":"https:\/\/api.w.org\/{rel}","templated":true}]}}